{"id":1280,"date":"2023-05-04T13:03:46","date_gmt":"2023-05-04T13:03:46","guid":{"rendered":"https:\/\/sersbilar.xodus.net\/?page_id=1280"},"modified":"2023-05-15T09:33:05","modified_gmt":"2023-05-15T09:33:05","slug":"thjonusta","status":"publish","type":"page","link":"https:\/\/sersbilar.xodus.net\/index.php\/thjonusta\/","title":{"rendered":"\u00deJ\u00d3NUSTA"},"content":{"rendered":"\n<hr class=\"wp-block-separator has-alpha-channel-opacity\"\/>\n\n\n\n<h2 class=\"wp-block-heading\">B\u00edlaverkst\u00e6\u00f0i \u00cdslands.<\/h2>\n\n\n\n<p><\/p>\n\n\n\n<p>B\u00edlaverkst\u00e6\u00f0i \u00cdslands s\u00e9r um allar vi\u00f0ger\u00f0ir og vi\u00f0hald \u00e1 Seres b\u00edlunum.<\/p>\n\n\n\n<p><a href=\"https:\/\/ja.is\/kort\/?d=hashid%3Al9g9r&amp;x=354153&amp;y=396819&amp;type=map&amp;nz=13.70\" target=\"_blank\" rel=\"noreferrer noopener\">Su\u00f0urhella 6<\/a><br>221 Hafnarfj\u00f6r\u00f0ur<br>S\u00edmi 511-2012<\/p>\n\n\n\n<figure class=\"wp-block-image size-full\"><img fetchpriority=\"high\" decoding=\"async\" width=\"500\" height=\"154\" src=\"https:\/\/sersbilar.xodus.net\/wp-content\/uploads\/2023\/05\/bilaverkstaediislands.png\" alt=\"\" class=\"wp-image-1281\" srcset=\"https:\/\/sersbilar.xodus.net\/wp-content\/uploads\/2023\/05\/bilaverkstaediislands.png 500w, https:\/\/sersbilar.xodus.net\/wp-content\/uploads\/2023\/05\/bilaverkstaediislands-300x92.png 300w, https:\/\/sersbilar.xodus.net\/wp-content\/uploads\/2023\/05\/bilaverkstaediislands-230x71.png 230w, https:\/\/sersbilar.xodus.net\/wp-content\/uploads\/2023\/05\/bilaverkstaediislands-350x108.png 350w, https:\/\/sersbilar.xodus.net\/wp-content\/uploads\/2023\/05\/bilaverkstaediislands-480x148.png 480w\" sizes=\"(max-width: 500px) 100vw, 500px\" \/><\/figure>\n\n\n\n<hr class=\"wp-block-separator has-alpha-channel-opacity\"\/>\n\n\n\n<h2 class=\"wp-block-heading\">HS B\u00edlar\u00e9ttingar og sprautun<\/h2>\n\n\n\n<p><\/p>\n\n\n\n<p>HS b\u00edlar\u00e9ttingar og sprautun s\u00e9r um allar r\u00e9ttingar, boddyvi\u00f0ger\u00f0ir, m\u00e1lun og fleira \u00e1 Seres b\u00edlunum.<\/p>\n\n\n\n<p>B\u00edlar\u00e9ttingar<br>Sprautun<br>M\u00f6ssun<br>R\u00fa\u00f0uskipti<br>PPF filmun<br>Coat<br>Plastvi\u00f0ger\u00f0ir<br>\u00c1setningar \u00e1 aukahlutum<\/p>\n\n\n\n<p><a href=\"https:\/\/ja.is\/kort\/?d=hashid%3AWJeK5&amp;x=354137&amp;y=397398&amp;type=map&amp;nz=13.70\" data-type=\"URL\" data-id=\"https:\/\/ja.is\/kort\/?d=hashid%3AWJeK5&amp;x=354137&amp;y=397398&amp;type=map&amp;nz=13.70\" target=\"_blank\" rel=\"noreferrer noopener\">Mi\u00f0hella 2<\/a><br>221 Hafnarfj\u00f6r\u00f0ur<br>S\u00edmi 547-0330<br><a href=\"http:\/\/www.hsretting.is\">www.hsretting.is<\/a><br><a href=\"mailto:tjonaskodun@hsretting.is\">tjonaskodun@hsretting.is<\/a> <\/p>\n\n\n\n<figure class=\"wp-block-image size-full is-resized\"><img decoding=\"async\" src=\"https:\/\/sersbilar.xodus.net\/wp-content\/uploads\/2023\/05\/hsLogo.png\" alt=\"\" class=\"wp-image-1323\" width=\"500\" srcset=\"https:\/\/sersbilar.xodus.net\/wp-content\/uploads\/2023\/05\/hsLogo.png 793w, https:\/\/sersbilar.xodus.net\/wp-content\/uploads\/2023\/05\/hsLogo-300x123.png 300w, https:\/\/sersbilar.xodus.net\/wp-content\/uploads\/2023\/05\/hsLogo-768x315.png 768w, https:\/\/sersbilar.xodus.net\/wp-content\/uploads\/2023\/05\/hsLogo-230x94.png 230w, https:\/\/sersbilar.xodus.net\/wp-content\/uploads\/2023\/05\/hsLogo-350x143.png 350w, https:\/\/sersbilar.xodus.net\/wp-content\/uploads\/2023\/05\/hsLogo-480x197.png 480w\" sizes=\"(max-width: 793px) 100vw, 793px\" \/><\/figure>\n","protected":false},"excerpt":{"rendered":"<p>B\u00edlaverkst\u00e6\u00f0i \u00cdslands. B\u00edlaverkst\u00e6\u00f0i \u00cdslands s\u00e9r um allar vi\u00f0ger\u00f0ir og vi\u00f0hald \u00e1 Seres b\u00edlunum. Su\u00f0urhella 6221 Hafnarfj\u00f6r\u00f0urS\u00edmi 511-2012 HS B\u00edlar\u00e9ttingar og sprautun HS [&hellip;]<\/p>\n","protected":false},"author":2,"featured_media":0,"parent":0,"menu_order":0,"comment_status":"closed","ping_status":"closed","template":"page-templates\/page_front-page.php","meta":{"footnotes":""},"class_list":["post-1280","page","type-page","status-publish","hentry"],"_hostinger_reach_plugin_has_subscription_block":false,"_hostinger_reach_plugin_is_elementor":false,"_links":{"self":[{"href":"https:\/\/sersbilar.xodus.net\/index.php\/wp-json\/wp\/v2\/pages\/1280","targetHints":{"allow":["GET"]}}],"collection":[{"href":"https:\/\/sersbilar.xodus.net\/index.php\/wp-json\/wp\/v2\/pages"}],"about":[{"href":"https:\/\/sersbilar.xodus.net\/index.php\/wp-json\/wp\/v2\/types\/page"}],"author":[{"embeddable":true,"href":"https:\/\/sersbilar.xodus.net\/index.php\/wp-json\/wp\/v2\/users\/2"}],"replies":[{"embeddable":true,"href":"https:\/\/sersbilar.xodus.net\/index.php\/wp-json\/wp\/v2\/comments?post=1280"}],"version-history":[{"count":3,"href":"https:\/\/sersbilar.xodus.net\/index.php\/wp-json\/wp\/v2\/pages\/1280\/revisions"}],"predecessor-version":[{"id":1324,"href":"https:\/\/sersbilar.xodus.net\/index.php\/wp-json\/wp\/v2\/pages\/1280\/revisions\/1324"}],"wp:attachment":[{"href":"https:\/\/sersbilar.xodus.net\/index.php\/wp-json\/wp\/v2\/media?parent=1280"}],"curies":[{"name":"wp","href":"https:\/\/api.w.org\/{rel}","templated":true}]}}